. Give w(-84).
-76
Let d(w) = -w**3 + 13*w**2 + 41*w + 38. Calculate d(15).
203
Let g(b) = b**3 + 27*b**2 + 42*b - 200. Determine g(-25).
0
Let p(k) = -77*k**2 + 3*k - 1. Calculate p(-1).
-81
Let g(s) = -3*s**2 + 82*s + 800. What is g(-9)?
-181
Let j(i) = 8*i**2 - i - 3. What is j(2)?
27
Let m(x) = -x**2 - 80*x + 428. Determine m(-85).
3
Let h(n) = 3*n**2 - 78*n + 60. Calculate h(25).
-15
Let i(h) = 3*h**3 + 33*h**2 - 5*h - 55. Give i(-11).
0
Let k(h) = 6*h**2 + 1696*h + 1697. Give k(-1).
7
Let t(v) = -4*v**2 - 509*v - 23. What is t(-127)?
104
Let j(d) = 4*d**3 - 171*d**2 - 43*d - 4. Determine j(43).
-4
Let t(f) = 88*f + 3508. What is t(-42)?
-188
Let l(h) = -909*h + 10003. Determine l(11).
4
Let a(j) = -j**3 + 16*j**2 + 23*j - 12. What is a(18)?
-246
Let d(a) = a**2 - 86*a - 178. What is d(-2)?
-2
Let x(v) = v**2 + 43*v + 422. Determine x(-27).
-10
Let t(q) = 51*q**2 - 2039*q - 41. What is t(40)?
-1
Let y(l) = 13*l - 955. Determine y(109).
462
Let j(u) = -7*u**2 - 2013*u + 4032. Give j(2).
-22
Let r(q) = q**3 - 234*q**2 + 393*q + 16457. Calculate r(232).
-15
Let w(v) = 180*v + 709. What is w(-4)?
-11
Let y(w) = -7*w**3 - 205*w**2 - 53*w + 185. Calculate y(-29).
40
Let u(r) = r**3 - 305*r**2 + 1208*r - 1204. Determine u(301).
0
Let n(z) = 3*z**2 - 549*z + 14497. Determine n(151).
1
Let r(t) = 3*t**3 - 165*t**2 + 469*t + 4. Determine r(52).
56
Let v(s) = -656*s - 4489. What is v(-7)?
103
Let t(z) = 3*z**2 - 26*z + 68. Give t(3).
17
Let u(g) = 4*g**2 + 390*g + 7702. Give u(-70).
2
Let s(z) = z**2 + 29*z - 536. Determine s(16).
184
Let i(f) = f**2 - 88*f - 13187. What is i(-79)?
6
Let n(k) = -38*k + 635. Determine n(17).
-11
Let j(p) = -135*p**2 + 490*p - 252. Determine j(3).
3
Let q(a) = -3*a**2 - 47*a - 76. What is q(-20)?
-336
Let r(w) = -336*w - 3025. Calculate r(-9).
-1
Let s(u) = 4*u**2 + 64*u + 117. Give s(-16).
117
Let j(g) = -2*g**3 + 23*g**2 + 225*g - 245. Determine j(-7).
-7
Let d(b) = b**3 + 9*b**2 - 3*b + 60. Determine d(-9).
87
Let g(k) = -k**3 - 6*k**2 - 78*k - 435. Give g(-6).
33
Let f(u) = -42*u - 836. Determine f(-20).
4
Let v(r) = 4*r**2 + 11*r + 26. What is v(-11)?
389
Let r(j) = -3*j**2 - 2*j - 6. Give r(-5).
-71
Let t(j) = j**2 + 3*j + 146. Determine t(0).
146
Let w(i) = -14*i + 425. Calculate w(18).
173
Let b(h) = -436*h + 3474. Calculate b(8).
-14
Let u(f) = -2*f**2 - 22*f - 67. What is u(-20)?
-427
Let u(q) = 17*q**2 + 43*q - 218. Give u(5).
422
Let r(k) = -5*k**3 - 327*k**2 - 142*k - 778. What is r(-65)?
2
Let l(t) = 38*t - 541. What is l(14)?
-9
Let v(q) = -q**2 + 294*q + 593. Calculate v(-2).
1
Let y(w) = 104*w**3 + w**2 + 15*w + 15. Determine y(-1).
-103
Let h(r) = 16*r**2 + 1343*r - 99. What is h(-84)?
-15
Let u(s) = -s**3 + 21*s**2 - 43*s - 79. Determine u(6).
203
Let t(h) = 16828*h + 33645. Determine t(-2).
-11
Let f(r) = -7*r**2 - 567*r + 2376. What is f(4)?
-4
Let p(s) = -4*s**2 + 90*s + 227. Determine p(24).
83
Let j(v) = 387*v - 4645. Give j(12).
-1
Let o(m) = 109*m + 4866. What is o(-45)?
-39
Let a(y) = -254*y - 1530. Give a(-6).
-6
Let q(c) = c**3 - 65*c**2 + 66*c - 149. What is q(64)?
-21
Let u(y) = y**3 - 2*y**2 + 6*y + 6. Determine u(5).
111
Let b(r) = -90*r + 986. Give b(11).
-4
Let t(a) = -37*a**2 + 9*a + 2. Determine t(-2).
-164
Let c(x) = 2*x**2 - 11*x + 36. Give c(7).
57
Let z(x) = -21*x**2 + 446*x - 446. Give z(1).
-21
Let q(n) = -42*n - 10. Give q(-4).
158
Let f(a) = -18*a**3 - 109*a**2 - 6*a + 17. Calculate f(-6).
17
Let r(d) = 3*d + 254. Determine r(-12).
218
Let g(s) = 174*s**2 + 46*s + 2. Calculate g(-2).
606
Let d(m) = -290*m + 1109. Calculate d(4).
-51
Let x(w) = -4*w - 66. Determine x(-7).
-38
Let z(v) = -25*v**2 - 892*v - 596. What is z(-35)?
-1
Let b(t) = t**3 + 32*t - 127. What is b(4)?
65
Let z(p) = 49*p - 425. Determine z(7).
-82
Let f(q) = -q**3 + 16*q**2 + 95*q - 323. Determine f(20).
-23
Let r(v) = -v**3 - 6*v**2 + 6*v + 6. Determine r(-8).
86
Let m(l) = -6*l**3 + 12*l**2 - 4*l - 7. Calculate m(3).
-73
Let t(z) = -z**2 + 102*z - 283. Determine t(3).
14
Let j(n) = n**3 - 40*n**2 + n - 141. Calculate j(40).
-101
Let v(q) = -7*q**3 - 62*q**2 - 67*q - 4. Give v(-1).
8
Let l(n) = -n**3 - 31*n**2 - 54*n + 32. Give l(-29).
-84
Let f(x) = -x**3 - 19*x**2 - 43*x + 73. Determine f(-16).
-7
Let o(d) = -d**2 - 8*d + 1207. Determine o(31).
-2
Let h(m) = -52*m - 207. Give h(-4).
1
Let k(c) = c**3 + 36*c**2 + 2*c + 67. Determine k(-36).
-5
Let x(k) = -k**3 - 70*k**2 + 69*k - 147. What is x(-71)?
-5
Let r(z) = -253*z + 1005. Calculate r(4).
-7
Let m(l) = l**3 - 4*l**2 - 35*l - 22. Give m(9).
68
Let b(w) = -3*w**3 - 13*w**2 + 31*w + 101. What is b(-5)?
-4
Let p(b) = -b**2 + 334*b - 3223. What is p(10)?
17
Let u(k) = 5*k**3 - 12*k**2 - 4*k + 5. Calculate u(2).
-11
Let y(u) = 1365*u - 5445. Determine y(4).
15
Let q(o) = 3*o**2 + 24*o + 12. Calculate q(-8).
12
Let i(f) = -3*f**3 + 1208*f**2 - 2410*f - 3. What is i(2)?
-15
Let n(m) = m**3 + 153*m**2 + 168*m + 2439. Give n(-152).
7
Let j(i) = -679*i + 12186. Calculate j(18).
-36
Let f(s) = 113*s + 2007. Calculate f(-18).
-27
Let u(r) = 7*r**2 + 59*r + 121. Give u(-11).
319
Let p(m) = -67*m - 2477. Determine p(-37).
2
Let y(b) = 46443*b - 139325. Calculate y(3).
4
Let x(f) = f**3 + 88*f**2 + 172*f - 16. Give x(-86).
-16
Let v(o) = -22*o**2 + 12*o + 38. Calculate v(-1).
4
Let w(i) = -689*i + 4141. Determine w(6).
7
Let n(b) = -b**3 - 7*b**2 - 7*b + 1. Determine n(-5).
-14
Let q(s) = s**3 + 38*s**2 + 33*s - 140. Determine q(-37).
8
Let w(r) = -22*r**2 + 25*r + 121. Determine w(-4).
-331
Let f(l) = 2*l**3 - 25*l**2 - 912*l + 13. Determine f(-16).
13
Let c(x) = -173*x + 1775. Calculate c(10).
45
Let k(j) = -119*j - 766. Give k(-6).
-52
Let v(x) = -252*x - 1773. What is v(-7)?
-9
Let u(n) = n**3 - 16*n**2 + 10*n - 17. Determine u(6).
-317
Let j(i) = -2*i**3 - 8*i**2 - 1123*i - 4. Calculate j(0).
-4
Let h(u) = -5*u**3 - 68*u**2 - 143*u. What is h(-11)?
0
Let p(j) = -j**3 + 51*j**2 - 53*j + 139. Calculate p(50).
-11
Let l(h) = h**2 - 4*h + 19. Determine l(-7).
96
Let m(a) = 3*a**2 - 44*a - 287. Calculate m(-5).
8
Let g(y) = y**3 + 12*y**2 - 23*y - 53. Give g(-14).
-123
Let w(z) = -z**3 - 12*z**2 - 21*z - 21. Calculate w(-10).
-11
Let a(g) = -3*g**2 - 69*g - 227. Determine a(-4).
1
Let w(b) = b**3 + 102*b**2 + 300*b + 308. Give w(-99).
11
Let g(m) = 3*m**2 + 522*m - 519. Determine g(-175).
6
Let c(h) = 221*h - 2876. Give c(13).
-3
Let w(q) = -2*q**2 + 443*q - 3620. Determine w(213).
1
Let w(s) = -13*s**2 + 542*s + 39. Calculate w(42).
-129
Let o(t) = 8*t**2 + 156*t - 157. What is o(1)?
7
Let w(l) = l**3 - l**2 + 5*l - 16. Calculate w(2).
-2
Let i(r) = -224*r + 9860. What is i(44)?
4
Let x(q) = 2*q**2 + 59*q + 316. Give x(-23).
17
Let u(s) = -289*s**2 + 82*s - 80. What is u(1)?
-287
Let c(o) = 104*o - 2918. Give c(28).
-6
Let v(u) = u**2 - 9*u - 1785. Determine v(-38).
1
Let k(s) = -26*s - 215. Determine k(-9).
19
Let j(u) = -6*u - 644. Determine j(-60).
-284
Let i(v) = -v**2 - 18*v - 28. Determine i(-8).
52
Let v(h) = -h**3 - 20*h**2 - 17*h + 64. Determine v(-19).
26
Let a(u) = -u**2 + 73*u - 1547. What is a(36)?
-215
Let h(c) = -10*c**2 - 150*c - 31. Calculate h(-18).
-571
Let p(u) = u**3 - 18*u**2 - 34*u + 276. What is p(19)?
-9
Let j(i) = -3*i**2 - 280*i - 641. Give j(-91).
-4
Let u(c) = 182*c + 1117. What is u(-7)?
-157
Let d(o) = o**3 - 24*o**2 - 63*o + 302. Determine d(26).
16
Let p(g) = -g**3 - 3*g + 30. What is p(4)?
-46
Let u(j) = -j**2 - 858*j - 4240. Give u(-5).
25
Let c(l) = -l**3 - 23*l**2 + 55*l + 490. What is c(-25)?
365
Let i(c) = -11*c**2 - 1351*c + 269. Calculate i(-123).
23
Let x(h) = -h - 111. Determine x(-55).
-56
Let w(r) = -r**3 - 2*r**2 - 2*r + 7. What is w(-2)?
11
Let r(n) = -2956*n + 85725. Give r(29).
1
Let m(d) = -12*d**3 - 7*d**2 + 5*d - 5. Determine m(2).
-119
Let i(s) = -23*s + 67. Determine i(-9).
274
Let z(u) = 5*u**2 + 50*u + 51. Determine z(-8).
-29
Let s(g) = 7*g + 170. What is s(-23)?
9
Let h(g) = -2*g**2 - 28*g - 29. Give h(-9).
61
Let u(o) = o**3 + 9*o**2 - 32*o - 301. Calculate u(-6).
-1
Let m(l) = 7*l**2 - 22*l - 173. Calculate m(7).
16
Let j(k) = 2*k**3 + 54*k**2 + 59*k + 191. Determine j(-26).
9
Let w(c) = 40*c + 1071. What is w(-27)?
-9
Let a(z) = 21*z + 400. Determine a(-19).
1
Let b(z) = -1669*z - 33388. Give b(-20